7?
-1246243
613816 (base 9) to base 15
72b70
Convert -410202333 (base 5) to base 7.
-20000246
What is 110001100000011001011 (base 2) in base 7?
16534334
Convert -2221011121 (base 3) to base 7.
-330160
Convert 1027354 (base 9) to base 11.
346212
-1466406 (base 8) to base 10
-421126
Convert 21221221212 (base 3) to base 5.
20003304
3364653 (base 8) to base 16
de9ab
Convert 1094540 (base 10) to base 12.
4494b8
Convert 11c31 (base 16) to base 13.
27165
What is -1000000000100000010100011 (base 2) in base 16?
-10040a3
48231 (base 12) to base 6
2025301
21020111011 (base 3) to base 9
236434
-bb514 (base 13) to base 2
-1010010110100000000
Convert 10101011010011111001 (base 2) to base 11.
43a20a
Convert 10010000111100000111010 (base 2) to base 4.
102013200322
What is 8854165 (base 10) in base 4?
201301222111
What is -8640713 (base 9) in base 15?
-617980
Convert -6aa440 (base 11) to base 12.
-463b36
-1043314 (base 6) to base 11
-36584
Convert -1a1d6b (base 15) to base 16.
-1368da
246867 (base 10) to base 14
65d75
-303103200 (base 4) to base 14
-56824
Convert -312025 (base 8) to base 11.
-707a1
Convert 3254 (base 7) to base 11.
970
What is 101112011120 (base 3) in base 14?
556d1
-415221 (base 9) to base 3
-110112020201
-498db (base 15) to base 4
-321112001
30225453 (base 6) to base 13
241110
What is 31a993 (base 16) in base 13?
89c558
What is 122022323 (base 4) in base 12?
5204b
Convert 10121020210102 (base 3) to base 10.
1914203
What is 58e2d9 (base 16) in base 15?
7a0ee6
Convert 6927a (base 16) to base 15.
87944
Convert 51278 (base 10) to base 14.
1498a
377385 (base 9) to base 10
228497
Convert 1401300 (base 7) to base 13.
664b0
60074 (base 10) to base 13
21461
What is -440031204 (base 5) in base 9?
-3470745
Convert -1b17800 (base 13) to base 8.
-42124644
3754605 (base 8) to base 5
231214400
-11135411 (base 6) to base 3
-122020200121
What is -102210211020212 (base 3) in base 15?
-83e5b2
Convert 1100001010101110000 (base 2) to base 6.
12313504
Convert 11120112101220 (base 3) to base 10.
2431509
What is -782b3 (base 14) in base 3?
-112210202002
What is 441531 (base 8) in base 9?
245402
1100000011001110 (base 2) to base 7
263621
Convert 12211222220121 (base 3) to base 11.
1834526
What is 110032211333 (base 4) in base 9?
10871778
Convert 65857 (base 11) to base 12.
4734b
11100001001101110000 (base 2) to base 11
580089
What is -1bbdd6 (base 16) in base 13?
-4b86a7
What is -70241 (base 11) in base 10?
-102774
164046415 (base 7) to base 16
aab92d
48b903 (base 13) to base 11
a88889
Convert -120311213310 (base 4) to base 9.
-13223476
2c641 (base 16) to base 5
21304300
Convert -6a0536 (base 13) to base 11.
-1467aaa
What is -32441012 (base 5) in base 3?
-112021010102
What is 325141325 (base 6) in base 9?
11888218
Convert 7496082 (base 10) to base 3.
112002211200200
Convert -25b88 (base 12) to base 4.
-30221120
Convert 7537452 (base 8) to base 15.
29c098
What is -10324440 (base 5) in base 11?
-61166
What is -4183cb (base 15) in base 2?
-1011111000101111010111
Convert -458150 (base 14) to base 2.
-1001000001100010011010
22041411 (base 5) to base 9
318847
What is 959b (base 13) in base 16?
510a
Convert -1540130 (base 6) to base 14.
-2511c
What is -377710 (base 8) in base 10?
-131016
What is b5739 (base 14) in base 15?
89a64
-1fa5c (base 16) to base 3
-20120211001
Convert -153977 (base 12) to base 3.
-200020120101
201435120 (base 6) to base 9
6425483
What is 875201 (base 9) in base 10?
522127
Convert -289b52 (base 12) to base 7.
-5533460
Convert -1001011101101111 (base 2) to base 8.
-113557
What is 3847a8 (base 12) in base 8?
3405560
What is -133231120 (base 7) in base 8?
-40726540
383aa (base 12) to base 5
4422334
-1049112 (base 11) to base 13
-4c66a8
77296 (base 12) to base 14
4164a
Convert 3507546 (base 9) to base 4.
13032223032
-194334b (base 12) to base 9
-10888505
-2102010221 (base 3) to base 10
-47491
Convert 111200201001 (base 3) to base 11.
174544
What is 1000111111110101100011 (base 2) in base 5?
1100434002
13210032 (base 4) to base 12
15b26
Convert -28251 (base 16) to base 9.
-270503
What is -40aa27 (base 11) in base 2?
-10100000110101000001
What is 5203613 (base 7) in base 4?
2120021120
1000001011101101011 (base 2) to base 5
32040024
Convert 5b444 (base 12) to base 13.
4418b
22441330 (base 5) to base 10
202715
Convert -21022002021 (base 3) to base 8.
-430472
What is 32133100302 (base 4) in base 9?
7127863
What is -100111111010010101100101 (base 2) in base 11?
-59a6753
Convert 77169 (base 11) to base 7.
644350
50520 (base 10) to base 8
142530
What is 1240441 (base 5) in base 9?
36537
Convert -101011010100111 (base 2) to base 11.
-15737
What is 92350 (base 15) in base 7?
3636135
-21e67 (base 15) to base 5
-11422442
Convert c4e8 (base 15) to base 9.
63072
What is -2d199 (base 16) in base 13?
-6610c
10a401 (base 13) to base 15
7baca
Convert 13697964 (base 10) to base 12.
4707090
What is -1020012020200 (base 3) in base 8?
-2374064
Convert 50c965 (base 16) to base 3.
100221222121021
2033022 (base 6) to base 15
1dee2
What is -122110011102 (base 3) in base 6?
-11210102
What is 10100100001100011 (base 2) in base 16?
14863
Convert -1839946 (base 11) to base 13.
-8519b0
Convert 2b78b5 (base 13) to base 12.
439398
4193a (base 15) to base 16
32c53
What is 146540 (base 10) in base 11?
a0109
-31a3b3 (base 12) to base 13
-216459
142213 (base 7) to base 6
325541
30131042 (base 5) to base 7
2015213
Convert 137548 (base 11) to base 8.
643644
What is 9cdb4 (base 16) in base 13?
19658b
-5620645 (base 8) to base 10
-1515941
Convert a3876d (base 14) to base 10.
5516909
-5055664 (base 10) to base 6
-300205504
Convert 6b2d3 (base 15) to base 11.
213656
What is 18061a (base 11) in base 12?
1154ba
607894 (base 14) to base 11
1919181
-136d0cc (base 15) to base 2
-110101011110000000110111
What is -2bc9c (base 14) in base 2?
-11010101111000010
Convert 1122202002100 (base 3) to base 4.
3113000313
What is -11111011101010101 (base 2) in base 9?
-215670
Convert 21067117 (base 8) to base 4.
101012321033
What is -40114444 (base 5) in base 13?
-b12cc
-63124427 (base 8) to base 13
-2a17c8b
What is -240434 (base 6) in base 3?
-1001200011
What is 3233b (base 15) in base 16?
26e7c
Convert 6001063 (base 7) to base 10.
706282
What is -2a478 (base 13) in base 5?
-10023432
What is 23531342 (base 6) in base 5?
142233313
Convert 30313111 (base 4) to base 7.
306424
Convert 11422210 (base 5) to base 6.
2151033
224270 (base 8) to base 2
10010100010111000
-2477526 (base 12) to base 9
-14360053
-1e1b9 (base 15) to base 13
-35967
-101000100111010001000 (base 2) to base 11
-829960
Convert 101001000101111001 (base 2) to base 4.
221011321
-2052214 (base 6) to base 15
-1eac1
-730a998 (base 11) to base 10
-12898586
33577 (base 8) to base 7
56264
Convert -5d9727 (base 14) to base 4.
-30100310213
-c6bb9 (base 15) to base 13
-190c23
What is -1100011100010 (base 2) in base 13?
-2b90
Convert -250194 (base 10) to base 7.
-2061300
What is 202221010 (base 4) in base 14?
399d2
Convert -3a4775 (base 11) to base 16.
-9b3a8
-510497 (base 10) to base 8
-1745041
-265180 (base 12) to base 4
-2122002300
210342143 (base 5) to base 10
871548
Convert 21110413 (base 5) to base 4.
222321311
What is -220232120031 (base 4) in base 15?
-e0d2a0
What is 11343011203 (base 5) in base 8?
62430363
Convert 1423332 (base 6) to base 3.
11010021202
What is 1674542 (base 9) in base 2?
11100100010001101101
Convert 19d38 (base 16) to base 11.
72528
Convert -110111111001011010101 (base 2) to base 13.
-4c1912
-266186 (base 9) to base 8
-474315
Convert -35012 (base 6) to base 11.
-3814
Convert -10203 (base 5) to base 10.
-678
What is -452432 (base 6) in base 16?
-9524
Convert -19b01b (base 12) to base 5.
-104020422
Convert 234324342 (base 5) to base 16.
109f43
Convert -a53421 (base 12) to base 6.
-131402441
What is -1000120021101 (base 3) in base 10?
-542575
Convert -777428 (base 9) to base 13.
-1336ac
What is -334104 (base 5) in base 7?
-46225
Convert -3341316 (base 8) to base 7.
-10444160
What is 231331300 (base 4) in base 10?
188272
What is 3716335 (base 9) in base 4?
13230320330
-316094 (base 12) to base 2
-10111101110111110000
1844183 (base 11) to base 4
23322231211
-3a725 (base 12) to base 13
-2a863
110000111110010100 (base 2) to base 15
3e68